e 3, what is -1112221201 - 12?
-1112221220
In base 8, what is 322 - 213331?
-213007
In base 2, what is 101101100010 + -1001101111000?
-100000010110
In base 2, what is -101 + 1011011001101111000100?
1011011001101110111111
In base 5, what is -4 + 110233403043?
110233403034
In base 13, what is 9a3556 + b?
9a3564
In base 15, what is -5 + 1125c9?
1125c4
In base 12, what is -181 - -659?
498
In base 9, what is 1420 - -14717?
16237
In base 2, what is -100101010 + -100100100001?
-101001001011
In base 15, what is -1160e + -95dc?
-1abeb
In base 12, what is -68233190 - 4?
-68233194
In base 14, what is a8098 - -258?
a8312
In base 13, what is 2b0 + b79b7?
b7c97
In base 8, what is -1056751 - -2?
-1056747
In base 9, what is 256 + 361058?
361325
In base 5, what is 22221 - 122413?
-100142
In base 3, what is -21000111001111 + 1211?
-21000110222200
In base 6, what is -10 - 104130554?
-104131004
In base 14, what is 0 - -ba4cb?
ba4cb
In base 6, what is -12 + -1011114?
-1011130
In base 4, what is -113323012003232 - 2?
-113323012003300
In base 8, what is 427 + -651103?
-650454
In base 16, what is e2863b8 - 4?
e2863b4
In base 10, what is 1001 - -1954?
2955
In base 10, what is 203454819 + -5?
203454814
In base 6, what is 50031 - 10000?
40031
In base 4, what is -2313002332 - 312?
-2313003310
In base 7, what is -2 + 12631661?
12631656
In base 2, what is -100011111000010000 + -11000?
-100011111000101000
In base 7, what is 51260 - -163522?
245112
In base 2, what is -101 + 1010001011100100100011100?
1010001011100100100010111
In base 13, what is -2b1802 + 1c3?
-2b160c
In base 7, what is 4 - 14351264?
-14351260
In base 2, what is 101011101001111 - -100000110?
101100001010101
In base 12, what is -413 - 61b6?
-6609
In base 4, what is 122111 + -1203033?
-1020322
In base 13, what is 1724a8a + 5?
1724a92
In base 6, what is 143122 - 12504?
130214
In base 10, what is 2 + 1556553?
1556555
In base 11, what is -28a2067 - -78?
-28a1a9a
In base 12, what is -38596 - 34?
-3860a
In base 12, what is -34214 - 97?
-342ab
In base 11, what is 6389291 + -2?
638928a
In base 9, what is 31516 - 5?
31511
In base 16, what is 4 + 499fd6?
499fda
In base 16, what is 3f8 - 3a7?
51
In base 16, what is 5 - -1ad34c?
1ad351
In base 9, what is 64 - 1223502?
-1223427
In base 3, what is 12021012 + 2012111?
21110200
In base 11, what is -1119 - 10399?
-11507
In base 6, what is 1020 - -153030421?
153031441
In base 10, what is -23 - -22105414?
22105391
In base 14, what is 3cc + 6d6?
ac4
In base 6, what is 403330055 - 24?
403330031
In base 16, what is f410a + -3?
f4107
In base 15, what is 432 + -263?
1be
In base 14, what is b1 + -31c267?
-31c196
In base 9, what is 2 + 4002706?
4002708
In base 5, what is 30413323 + 3302?
30422130
In base 3, what is 12201 + -122122000?
-122102022
In base 5, what is -4312 + 14000233?
13440421
In base 15, what is 7 + -1d67ca?
-1d67c3
In base 16, what is -5a93d - -c?
-5a931
In base 16, what is -10 - e0efd1?
-e0efe1
In base 14, what is 5b + -3439a?
-3433d
In base 3, what is -2021120 + -222201?
-10021021
In base 15, what is -cb4 + -2c36?
-39ea
In base 3, what is -102 - -120221111121112?
120221111121010
In base 11, what is 71a258 - 8?
71a250
In base 10, what is -1454 - 14612?
-16066
In base 7, what is 0 + -312362021?
-312362021
In base 14, what is -8abd06 + -18?
-8abd20
In base 7, what is 354106040 + -4?
354106033
In base 7, what is -4060601236 - -5?
-4060601231
In base 11, what is -6273 + 6415?
152
In base 16, what is -53e5c + -cf?
-53f2b
In base 12, what is -a338aa - 1?
-a338ab
In base 12, what is -132 + 50157?
50025
In base 8, what is 2446610 - -4?
2446614
In base 5, what is 310 - 31124323?
-31124013
In base 16, what is -2a + -e09cb?
-e09f5
In base 8, what is 231342 + 52?
231414
In base 10, what is 38 + -308205?
-308167
In base 16, what is -b710 + 12c8?
-a448
In base 9, what is 776 + 63353?
64240
In base 15, what is -b524 + a9?
-b46a
In base 8, what is 0 - 2076225?
-2076225
In base 13, what is cabbb + 5a6?
cb494
In base 14, what is -c8 - 4817?
-4901
In base 4, what is -300 - 100232133?
-100233033
In base 2, what is 101 - -100001101010110110100?
100001101010110111001
In base 16, what is b5190 + -21?
b516f
In base 10, what is -58971454 + -3?
-58971457
In base 5, what is 311434210 - 10?
311434200
In base 6, what is 120042 + 12150?
132232
In base 16, what is b93 + 1266?
1df9
In base 15, what is -1 + -461db?
-461dc
In base 10, what is 3 + -11129537?
-11129534
In base 11, what is -258 + -19a64?
-1a211
In base 16, what is -23970d + 5?
-239708
In base 3, what is 210222212 + -12210202?
121012010
In base 16, what is -61 + d0e78?
d0e17
In base 4, what is 1 - 100010333301?
-100010333300
In base 11, what is -2 - -5240aa3?
5240aa1
In base 8, what is -10555775 + 445?
-10555330
In base 2, what is 10011010101000011 - -1001011000?
10011011110011011
In base 12, what is -1a4a3b + -18?
-1a4a57
In base 14, what is 47589 + -40c?
4717b
In base 16, what is 2 - ef8fb?
-ef8f9
In base 3, what is 2 - -211120221002102?
211120221002111
In base 2, what is 1010100101001 + -111111010000?
10101011001
In base 16, what is -5 - 299b?
-29a0
In base 3, what is 101110210102 + 10110212?
101121021021
In base 3, what is 2100022101 + 210011?
2101002112
In base 11, what is -5 + -1a47554?
-1a47559
In base 3, what is -10212100 + -101121122010?
-101202111110
In base 15, what is -88a95 + -12?
-88aa7
In base 15, what is -17 - 19177b4?
-19177cb
In base 8, what is 3 - -1020244?
1020247
In base 10, what is 1 - 6757480?
-6757479
In base 5, what is -200303 - -1204?
-144044
In base 10, what is 2499733 - -6?
2499739
In base 13, what is -4 + -1394a96?
-1394a9a
In base 16, what is 3 - -48a9406?
48a9409
In base 4, what is -201111230 - 303022?
-202020312
In base 2, what is 1000010 - 1100100001001011110011?
-1100100001001010110001
In base 16, what is 3f31 + -23d?
3cf4
In base 3, what is 210 + -220012011022210?
-220012011022000
In base 15, what is 2 - c1e072?
-c1e070
In base 7, what is 6426341 + 0?
6426341
In base 7, what is 5141 - -3215?
11356
In base 5, what is -1 - 441221032?
-441221033
In base 10, what is 1 + -1808846?
-1808845
In base 11, what is -50 + 1783287?
1783237
In base 6, what is 453 + -11120114?
-11115221
In base 6, what is 221024231 + 10?
221024241
In base 13, what is -51 - -47735?
476b4
In base 6, what is 132 + -522411501?
-522411325
In base 10, what is 6333 - 279441?
-273108
In base 8, what is -2 - -6222315?
6222313
In base 2, what is 11000110111 - 11101011010?
-100100011
In base 8, what is 376 - -771322?
771720
In base 7, what is -4252036 - 34?
-4252103
In base 13, what is -582 + 290c?
235a
In base 10, what is -5559449 + 5?
-5559444
In base 2, what is 1010110001000100 + 11?
1010110001000111
In base 14, what is -130509 + 8?
-130501
In base 3, what is 2022222 + 121111111?
200211110
In base 3, what is -1022011111222021 - 11?
-1022011111222102
In base 3, what is 1102200001 - -122122001?
2002022002
In base 2, what is 11011100000 + -101001111101000?
-100110100001000
In base 16, what is efad6 + -6c4?
ef412
In base 12, what is -134aa7 + -25a?
-135145
In base 9, what is 2643 + 40233?
42876
In base 7, what is 1400344215 + -5?
1400344210
In base 6, what is 2 - -33124314231?
33124314233
In base 8, what is 37167033 + 5?
37167040
In base 10, what is 19207 + -6452?
12755
In base 12, what is -235 - -1a343?
1a10a
In base 11, what is -a3 + -26159?
-26251
In base 8, what is -71636 + 4423?
-65213
In base 7, what is -461 - 3330153?
-3330644
In base 9, what is -46175 - 15733?
-63018
In base 4, what is -122310 + 1002230?
213320
In base 16, what is -4 - -432906?
432902
In base 4, what is -10 + 12213131312?
12213131302
In base 7, what is 1441 - -115610?
120351
In base 5, what is 14 + 1432003?
1432022
In base 13, what is -2 + 576a9024?
576a9022
In base 4, what is -1 + 20023002020?
20023002013
In base 2, what is -1 + 110110101010101100111?
110110101010101100110
In base 6, what is 1252014422 + 2?
1252014424
In base 2, what is 1110 + 101101010000001111101?
101101010000010001011
In base 13, what is 25 + -400494?
-40046c
In base 5, what is 243 + -400312014?
-400311221
In base 16, what is 3 - -3ed6c?
3ed6f
In base 3, what is 2112222200 - -20102?
2120020002
In base 16, what is -70 + -ded96?
-dee06
In base 12, what is -2ab - -22b3?
2004
In base 13, what is -a9 +